s 25405242 (base 6) in base 12?
339822
-91ff5 (base 16) to base 13
-17c265
22402212 (base 5) to base 3
101011202210
What is -589b79 (base 13) in base 12?
-857191
241746 (base 10) to base 14
64158
Convert 8226527 (base 10) to base 9.
16427605
Convert -61021511 (base 7) to base 13.
-108413c
What is -1341302423 (base 5) in base 13?
-943241
What is -663c5 (base 16) in base 15?
-84122
What is 3839e9 (base 16) in base 13?
9c02a4
-131461 (base 10) to base 14
-35ca1
What is -1137b4 (base 16) in base 12?
-464bb0
Convert 32b9946 (base 12) to base 8.
45002406
What is 2490614 (base 11) in base 3?
22010110200221
What is 3183005 (base 11) in base 12?
1a5ab10
-10001001100101101 (base 2) to base 12
-34925
What is -20541242 (base 6) in base 8?
-2234132
3b05467 (base 12) to base 8
54514117
Convert -14b1b9 (base 12) to base 13.
-c3a44
-7107625 (base 8) to base 3
-10112002120122
20012102221 (base 3) to base 11
83789
What is 24355446 (base 7) in base 9?
4085183
-754364 (base 10) to base 5
-143114424
10140341 (base 5) to base 11
57aa4
What is 423240 (base 5) in base 3?
201110202
Convert 3020320033 (base 4) to base 16.
c8e0f
Convert 2301131111 (base 4) to base 15.
e557e
What is 1d1d6 (base 14) in base 4?
102023220
What is -bb56 (base 13) in base 6?
-320453
5655522 (base 10) to base 13
1230282
What is -103041230 (base 5) in base 6?
-13233530
What is -1382586 (base 10) in base 5?
-323220321
What is -100012000001 (base 3) in base 8?
-541071
What is -22104031 (base 5) in base 7?
-1424156
Convert 17a34 (base 12) to base 16.
8608
What is 2fdc (base 16) in base 2?
10111111011100
-3989418 (base 10) to base 12
-1404836
What is -225321 (base 9) in base 6?
-2521331
What is -1220100003 (base 4) in base 16?
-68403
-5311341 (base 6) to base 12
-105551
11333331233 (base 4) to base 11
984675
Convert -156a8 (base 16) to base 13.
-30c09
What is 389a (base 14) in base 6?
114000
Convert 3113404200 (base 5) to base 13.
1428816
Convert -1bab61 (base 13) to base 7.
-6013066
Convert -703065 (base 8) to base 3.
-102201211021
-26809a (base 11) to base 7
-3401355
What is -1202222112 (base 3) in base 10?
-34979
300132011 (base 4) to base 6
4131045
212000221 (base 4) to base 7
1215622
Convert -da31a (base 15) to base 4.
-2221011133
-e0ebb (base 15) to base 12
-2a40b8
Convert 2145225 (base 6) to base 15.
21c7b
What is 10011211030 (base 4) in base 5?
233241221
What is -1543236 (base 7) in base 14?
-575c6
What is 1543097 (base 11) in base 8?
12043167
Convert 13cb8b (base 15) to base 10.
954356
What is -1263543 (base 7) in base 11?
-1044a5
Convert 898153 (base 13) to base 4.
30120102112
Convert -31606 (base 16) to base 9.
-337377
What is 197c508 (base 14) in base 6?
1131342140
Convert -6563625 (base 9) to base 6.
-203323505
What is 331020304 (base 5) in base 15?
1d1a54
2104210221 (base 5) to base 4
100221333213
d8ab1 (base 14) to base 7
4310111
What is -16928 (base 12) in base 10?
-32432
d4469 (base 16) to base 11
544288
Convert -414503310 (base 6) to base 4.
-123203311122
What is 200131010 (base 4) in base 9?
222312
Convert -1204115 (base 8) to base 16.
-5084d
Convert -3b6b (base 12) to base 9.
-10352
Convert -11133303030 (base 4) to base 7.
-15151041
Convert -134313124 (base 5) to base 13.
-1b5889
413610 (base 8) to base 16
21788
-2379b (base 13) to base 15
-143ee
1040435 (base 6) to base 7
304424
-88c481 (base 14) to base 12
-167b429
-5267203 (base 8) to base 4
-11112322003
What is 20120122210 (base 3) in base 10?
129513
-1202001121221 (base 3) to base 5
-214120122
-102220222 (base 3) to base 2
-10000111110101
What is -8743909 (base 10) in base 15?
-b7abc4
Convert 3889358 (base 12) to base 4.
222131122310
Convert 3311341 (base 7) to base 8.
1431420
What is 2134 (base 5) in base 16?
126
Convert 36597a (base 13) to base 12.
5270a4
What is 234054255 (base 6) in base 15?
5bb9e5
2471291 (base 10) to base 12
9b218b
What is -69818 (base 11) in base 6?
-2054420
What is -1447956 (base 10) in base 3?
-2201120020000
What is -87249 (base 14) in base 13?
-b5ab4
What is -82883 (base 14) in base 6?
-10424003
What is -11011101110111000 (base 2) in base 14?
-2d57a
What is cdecb (base 15) in base 2?
10011111110101111100
e8a09 (base 15) to base 14
152d4d
What is -41700 (base 12) in base 13?
-2ccca
-10101010010100111 (base 2) to base 7
-512151
What is -144001402 (base 5) in base 16?
-baf9c
Convert -6cb064 (base 14) to base 7.
-43414154
What is -395674 (base 11) in base 3?
-1011121202021
What is -9406343 (base 10) in base 16?
-8f8787
What is 230300134 (base 6) in base 15?
586151
What is -122404 (base 10) in base 16?
-1de24
1a1ab6 (base 12) to base 15
91233
Convert -1120424 (base 8) to base 4.
-1022010110
-78908 (base 11) to base 12
-56134
What is 220014312 (base 5) in base 4?
3211023103
75655e (base 15) to base 12
1a570b2
What is -1231661 (base 7) in base 6?
-3224442
Convert 1011100111011100 (base 2) to base 12.
23650
25256302 (base 9) to base 8
57161051
Convert -17721556 (base 8) to base 11.
-2399490
Convert -12111101220 (base 3) to base 8.
-323232
-322244403 (base 5) to base 15
-1c0838
12c02 (base 13) to base 4
20202221
What is 2333021311 (base 4) in base 14?
1654a1
What is 1103310110 (base 4) in base 3?
122102221102
Convert -140186 (base 9) to base 13.
-2cb83
What is a07144 (base 11) in base 15?
21eeeb
Convert 32321352 (base 6) to base 15.
13e3eb
35230120 (base 6) to base 11
686961
What is -49b0b3 (base 13) in base 3?
-10022202020012
Convert b0867b (base 13) to base 12.
145a457
Convert 14a4a9 (base 15) to base 11.
620907
917132 (base 12) to base 16
22acf6
What is -1c248 (base 13) in base 5?
-3232243
Convert -1611550 (base 7) to base 13.
-79a98
What is 1201110221 (base 4) in base 12?
172835
10221020011020 (base 3) to base 15
2b47c6
Convert 917b2 (base 12) to base 2.
101110010000110110
-26bb329 (base 13) to base 7
-205604366
-165834 (base 13) to base 16
-8781f
10111011012101 (base 3) to base 10
1853263
Convert 12054337 (base 9) to base 12.
1b77a21
Convert -16665 (base 13) to base 7.
-235620
1d7485 (base 16) to base 14
3836bb
10205442 (base 6) to base 15
5cdc8
-33200011200 (base 4) to base 14
-77ac80
What is 2af0 (base 16) in base 8?
25360
Convert -69427 (base 10) to base 4.
-100330303
Convert -422515 (base 8) to base 3.
-21010220012
-240b8a (base 13) to base 15
-11e6d8
Convert 6374638 (base 9) to base 12.
1188445
46551542 (base 7) to base 8
17501324
119a275 (base 15) to base 6
1130530115
Convert 19996 (base 12) to base 4.
21031002
198278 (base 10) to base 8
603206
What is 62ecfe (base 16) in base 11?
3728a17
Convert bb5b91 (base 13) to base 14.
82b8cc
-29484 (base 10) to base 14
-aa60
11010020013 (base 4) to base 13
37639b
703756 (base 8) to base 15
48871
-8071bb (base 12) to base 6
-110533155
Convert 12306 (base 12) to base 9.
36706
Convert -7e9376 (base 15) to base 2.
-10111000110011001110000
22458 (base 14) to base 16
144ee
21b628 (base 12) to base 9
1010365
What is -2320e5 (base 15) in base 14?
-31951c
-5381108 (base 11) to base 14
-13834dc
4073524 (base 9) to base 7
24324040
363325 (base 9) to base 13
78887
What is 22520445 (base 6) in base 5?
134213304
What is 829a89 (base 15) in base 3?
102200110011010
Convert -2004ba2 (base 12) to base 11.
-3415337
What is 1628944 (base 10) in base 3?
10001202111021
What is -1001011001101111010 (base 2) in base 4?
-1023031322
What is 14ab53 (base 13) in base 15?
a0e24
-22040240 (base 6) to base 2
-10100000110000100000
4ab6a (base 15) to base 3
110010121101
2023216 (base 8) to base 4
2002122032
16014 (base 12) to base 15
934a
What is -201302431 (base 6) in base 16?
-3455b3
Convert 3505042 (base 7) to base 5.
103014402
What is 1100302101 (base 4) in base 11?
206676
Convert 1000101001100110001001 (base 2) to base 3.
11021012110120
Convert -22e63 (base 15) to base 10.
-111243
Convert -1101120233 (base 4) to base 3.
-121221021122
What is -2212201210 (base 3) in base 14?
-16919
What is 524022 (base 10) in base 13?
154695
19c00 (base 15) to base 2
10100011011110100
-13260465 (base 8) to base 7
-34164366
What is 5113636 (base 11) in base 12?
303a57b
What is 1658a88 (base 11) in base 10?
2823026
What is -473b9 (base 12) in base 2?
-10111010101111101
Convert 16020361 (base 8) to base 6.
210501505
What is -10414431 (base 6) in base 9?
-526761
Convert -2a0a6 (base 12) to base 15.
